ist the prime factors of s.
2, 3
Let h(b) = b**2 + 3*b + 107. List the prime factors of h(0).
107
Suppose 2*j + 3*j = 450. Let u be (-1)/2 - j/4. Let y = u - -32. List the prime factors of y.
3
Suppose v - 5*w = 32, 3*w = 4*w + 3. List the prime factors of v.
17
Let b be (2 - 0)/((-4)/(-22)). Let r = 7 - b. Let g(z) = z**2 + 4*z + 2. List the prime factors of g(r).
2
Let l(u) be the second derivative of -u**5/20 + 5*u**4/6 - 5*u**3/3 + 5*u**2/2 - u. Let b be l(9). Let k = b - -7. List the prime factors of k.
3
Let p = -16 + 33. Let q = 34 - p. List the prime factors of q.
17
Let y(k) = -4*k + 55. List the prime factors of y(-16).
7, 17
Let u(y) = -8*y + 9. Let j(o) = 7*o - 8. Let a(g) = 6*j(g) + 5*u(g). What are the prime factors of a(6)?
3
Suppose -10*d + 2691 - 171 = 0. What are the prime factors of d?
2, 3, 7
Let p be 4 - (-5)/(15/(-6)). Let c(d) = 3*d - 3. What are the prime factors of c(p)?
3
Let w = 1 - -4. Suppose -w*r - 4*m = -50, 0*r + 19 = r - m. Suppose -o = -2*v + 3*v - 5, 0 = -2*v - o + r. List the prime factors of v.
3
Let h be (-36)/(-8)*(-20)/(-6). What are the prime factors of (36/(-20))/(h/(-125))?
3, 5
Suppose 0 = -2*r + 92 + 28. Suppose 3*x + r = x. List the prime factors of (-16)/10*x/4.
2, 3
Let f(r) = r**3 - 9*r**2 + r - 11. Let t be f(9). Let x = 2 + t. Let y = x + 2. What are the prime factors of y?
2
Suppose 4*l = 6*l + 44. What are the prime factors of l/(2 - (2 + 1))?
2, 11
Let r = 18 - -11. What are the prime factors of r?
29
Suppose -43*w + 38*w + 545 = 0. What are the prime factors of w?
109
Let v = -26 - -28. Suppose -4*d + v*m + 222 = 0, 4*m = 4*d - 120 - 112. What are the prime factors of d?
53
Let w be 3/(0 - -6)*34. Let g = w + 11. Suppose g = -0*v + 4*v. List the prime factors of v.
7
Let s be ((-2)/(-6))/((-1)/6). Let o = s + 4. What are the prime factors of o?
2
Suppose -a = -5*m - 6 - 6, 5*a - 2*m - 37 = 0. Let p = a + 18. List the prime factors of p.
5
Suppose 3 = 4*q - 3*p - 8, -5*q - 4*p + 6 = 0. Suppose -q*l + 11 = -c, -3*l + 2*c = -0*l - 15. List the prime factors of l.
7
Let q be (-6)/(0 - 2)*-9. Let x be (-266)/18 - (-6)/q. Let w = x - -25. What are the prime factors of w?
2, 5
Let s(u) = -3*u**2 - 2*u**3 + 3*u**2 - u - u**2. Let w be s(-1). Suppose -w*d - d = -21. List the prime factors of d.
7
Let s(r) = -r**2 + 4*r - 2. Let n be s(3). Suppose -n = -z, 5*w + z = 6*z + 80. List the prime factors of w.
17
Suppose 4*t + 24 = -0*t. Let q be (2/3)/(t/(-207)). Suppose -3*n + 2*w = -q, -n + 5*w - 5 + 30 = 0. What are the prime factors of n?
5
Let x(k) = -k**3 - 6*k**2 - 4*k - 4. Suppose n = -2*a - 6, -5*a + 4*n - 26 = n. Let g be x(a). What are the prime factors of (-16)/g*(-35)/(-2)?
2, 7
Let r(m) = m**2 - 4*m + 2. Let z(g) = 2*g - 1. Let w be z(2). Let p be r(w). List the prime factors of p/2 - 29/(-2).
2, 7
Suppose 20 - 4 = 2*s - 4*n, -3*n = -4*s + 37. List the prime factors of s.
2, 5
Let a(l) = 645*l + 10. Let y be a(3). What are the prime factors of y/45 + (-4)/18?
43
Suppose 2*r - 4*x + 3*x - 31 = 0, 5*x = 5. Let g = -7 + r. Let j(c) = c. List the prime factors of j(g).
3
Let v(m) = -m**2 + 2*m. Let a be v(2). Suppose -3*j + 28 + 44 = a. Suppose 5*q - 2*q = j. What are the prime factors of q?
2
Let u be 0/(-1) + 40 - 3. Let g(z) = z**2 - 2*z + 3. Let j be g(2). Suppose 2*m = 3*l - u, -2*l + 10 = m - j. What are the prime factors of l?
3
Suppose 20 = 4*u - 0*u. Suppose 2*z - u = 2*n - 17, 0 = 2*z + 8. List the prime factors of n.
2
Let o(j) = -j**3 + 3*j**2 + j. Let d be o(3). Let v(m) = -1 + m**2 + 1 + 3*m**d - 1 - 2*m**3. What are the prime factors of v(2)?
11
Let b = -32 - -48. What are the prime factors of b?
2
Let n(t) = t**2 - 9*t - 6. What are the prime factors of n(12)?
2, 3, 5
Let l(u) = -2*u - 6. Let n be l(-5). Suppose b = n*b - 12. List the prime factors of b.
2
Suppose 0*f - 5*f = -60. Suppose 2*a = a + 5*x + 28, -a + x = -f. What are the prime factors of a?
2
Let k(s) = -2*s**3 - 5*s**2 - 4*s + 3. Let f be k(-4). Suppose 2*q + 23 - f = 0. What are the prime factors of q?
2, 11
Let a = 15 + 9. What are the prime factors of a?
2, 3
Suppose 0 = w + 3*s - 5, s = 2*w + 2*s - 10. Suppose w*o - 27 - 28 = 0. List the prime factors of o.
11
List the prime factors of 1804/18 + ((-80)/(-36))/(-10).
2, 5
Suppose 0 = -4*g - 3*t + 4, -g - 4*t = t - 18. List the prime factors of (g - 25/(-2))*2.
3, 7
Let v(g) = -4*g - 3. Let q be v(-4). Let a = -6 - q. Let d = a + 29. What are the prime factors of d?
2, 5
Let f = -6 + 6. Suppose 4 = -z - 3*x, -3*z + 3*x + 48 = -f*x. List the prime factors of z.
11
Suppose 3*t + 3*s + 0*s - 12 = 0, -t + 4 = -s. Suppose t*k + 8 = -5*d, 0 = 2*k + 3*k - 5*d - 35. Suppose -9 = 2*l - k*l. List the prime factors of l.
3
Let z(o) = 2*o**2 - 6*o - 5. What are the prime factors of z(5)?
3, 5
Let m = 4 - 0. Let r be m/(-6)*-6*-5. Let u = 32 + r. List the prime factors of u.
2, 3
Let m(a) = -a**2 - 10*a - 2. Let w be m(-8). Let u(x) = -w*x - x**2 + 3*x + 3*x**2 - 3*x**2 - 12. List the prime factors of u(-8).
2, 3
Suppose 5*t = 6*t + 37. Let p(i) = -5*i - 5. Let r be p(4). Let x = r - t. List the prime factors of x.
2, 3
Suppose 0 = 2*j - 9 + 1. Suppose -3*d = 3*t - 21, -t + 3*d + 11 = j*t. List the prime factors of t.
2
Let q(c) = -2*c**2 - 27*c - 2. List the prime factors of q(-13).
11
What are the prime factors of 446/10 + 20/50?
3, 5
Let l(i) = 4*i**3 - i**2 - i + 2. List the prime factors of l(3).
2, 7
Let c(p) = -3*p**3 + p**2 + p + 1. Let z be c(-1). Let j = z - -1. Suppose -5*u - j = -6*u. What are the prime factors of u?
5
What are the prime factors of (-2 + -4 + 1)*-17?
5, 17
Let r = -15 - -13. Let f = r + 19. List the prime factors of f.
17
Let b = 26 - 5. What are the prime factors of b?
3, 7
Let f(v) = 2*v**3 - 16*v**2 + 16 - v + v + 8*v + 2*v. Let j(g) = g**3 - 8*g**2 + 5*g + 8. Let a(s) = 2*f(s) - 5*j(s). What are the prime factors of a(7)?
2, 3
Suppose -7 + 4 = 3*k. Let h = k - -12. Suppose 13 = 3*c - h. What are the prime factors of c?
2
Let x = 44 + -14. Suppose 5 - x = -5*y. Suppose -3 = i - y. What are the prime factors of i?
2
Suppose c + 5 = -3*k, -2*k - 3*c - 1 = -7. Let p = k - -8. List the prime factors of p.
5
Suppose 7*p + 3*p = 80. What are the prime factors of p?
2
Let y be 4/(-3)*45/(-6). Suppose -y = 5*u - 40. List the prime factors of u.
2, 3
Let l be 1*2/(-6)*3. What are the prime factors of (1 - l/(-1)) + 2?
2
Suppose k - 6 - 27 = -f, -5*f = 3*k - 155. What are the prime factors of f?
2, 7
Let l(n) = 2*n**2 + 1. Suppose -r = -4*z - 21, 3*z + 24 = 9. Let u be l(r). Suppose u*k = 24 - 0. What are the prime factors of k?
2
Let d(z) = -z**2 - 8*z + 12. Let k be d(-9). Suppose -4*g + 232 = m, -k*g + 4*m - m + 159 = 0. What are the prime factors of g?
3, 19
Suppose 4*m = -m + 10. Suppose -m*p - 103 = -3*z, 29 = 5*z - p - 138. What are the prime factors of z?
3, 11
Let l = -4 + 1. Let z be ((-38)/(-3))/((-3)/9). List the prime factors of l/12*z*2.
19
List the prime factors of (-2318)/57*(-3)/2.
61
Let s(o) = 4*o + 7. What are the prime factors of s(3)?
19
Suppose -2*j + 0*j - 2*u - 16 = 0, 0 = u + 1. What are the prime factors of (4/(-5))/(j/140)?
2
Suppose 16 = 4*u - 0. Let m be (-20)/((-3 - (-2)/2)*1). Suppose -w + m = u*w. What are the prime factors of w?
2
Suppose 3*z = 4*l - 71, z + 3*l - 6*l = -17. Let u = -17 - z. List the prime factors of u.
2, 3
Let y(c) = c**3 - 8*c**2 - c + 10. Let u be y(8). List the prime factors of ((-18)/(-15))/(u/5).
3
Suppose -4*n = 3*z - 98, -12 = -z + 2*n + 24. What are the prime factors of z?
2, 17
Let p = -16 - -42. Let w be p/10 - 6/10. List the prime factors of -1 - (-5)/(w - 1).
2
Suppose -5*b + 3*z + 275 = 0, -3*z + 3 = -b + 46. What are the prime factors of b?
2, 29
Let y(n) be the first derivative of -n**4/4 + 11*n**3/3 + 13*n**2/2 + 8*n - 4. List the prime factors of y(12).
2, 5
Let n(z) = -z**2 - 18*z + 4. What are the prime factors of n(-17)?
3, 7
Suppose 95 = 3*n - 2*p, 6*p - 2*p = -2*n + 58. List the prime factors of n.
31
Let q = -628 + 918. List the prime factors of q.
2, 5, 29
Suppose -3*a = m - 38, 0 = m + 1. Let k = -4 + 3. Let h = a - k. What are the prime factors of h?
2, 7
Let x(h) = -3*h + 14. Let f be x(-10). Suppose f = 3*s + s. List the prime factors of s.
11
Suppose 0 = -3*w - w + 96.